x(g) + 12*l(g). What is p(-1)?
-9
Let y(n) = -n**2 + 5*n + 3. Let j(b) = 3*b**3 + 3*b**2 - 3. Let x be j(1). Give y(x).
9
Let m(o) = 6*o - 1. Let w(x) = -5*x. Let i(q) = 3*m(q) + 4*w(q). Suppose 4 = 3*k - 5. Determine i(k).
-9
Let y(z) = -1 + 5*z - z**2 + 6*z - 4*z - z. Determine y(8).
-17
Let x(s) be the second derivative of s**7/2520 - s**6/144 + s**5/40 - s**4/4 + 11*s. Let y(v) be the third derivative of x(v). Calculate y(6).
9
Let q(d) = -d**3 - 15*d**2 - 16*d + 32. Let b(w) = w. Let v(r) = 4*b(r) + q(r). Give v(-14).
4
Let b(m) = 2*m - 1. Let n(o) be the first derivative of -3*o - 4*o + o - 2 + 5*o + 2*o**2. Let h(x) = -5*b(x) + 2*n(x). What is h(3)?
-3
Let i(b) = b**3 + 3*b**2 + 3. Suppose -w = -2*w - 1, -2*w + 34 = 4*h. Suppose u - 2*t + h = 0, -3*t = -u - 0*t - 12. Let v be 2*5/(10/u). Determine i(v).
3
Let k(t) be the first derivative of -7*t**4/4 - t**2 + t - 33. What is k(1)?
-8
Let v(u) = -7*u - 2. Let l(t) = t**3 + 3*t**2 - t - 4. Let h be l(-3). Calculate v(h).
5
Let p = -588 - -592. Let x(g) = -g - 3. Calculate x(p).
-7
Let l = -19 + 15. Let a be ((-12)/10)/(l/10). Suppose 0*g = a*g. Let r(p) = -p**2 - 9. What is r(g)?
-9
Let x(q) = -q**2 + 9*q + 6. Let t(g) = g**3 - 14*g**2 + 15*g - 19. Let f be 2 + (8 - (-7 + 4)). Let r be t(f). Determine x(r).
20
Let l(s) = 2*s + 7. Let o be 100*(10/4)/5. Let i be o/10*18/(-10). Give l(i).
-11
Suppose -2*i = 4*s - 7*s - 11, -3*s - 5 = -5*i. Let a = 0 - i. Suppose 0 = a*r + 3*p - p + 14, -r = -p - 3. Let u(h) = -h**2 - 4*h - 1. Determine u(r).
3
Let m(l) = 4*l**3 - l**2 + l - 1. Let v be 2/4 - (-21)/6. Suppose 0 = s - i + 1, -2*i + 1 = 2*s - 1. Suppose 4*k = v - s. Determine m(k).
3
Suppose 14*p - 7 = -105. Let l(r) = -r**3 - 7*r**2 + 3*r + 8. What is l(p)?
-13
Let k be 2/3 + (-95)/(-15). Let p(r) be the first derivative of 9/2*r**2 - 10*r - 2 - 1/4*r**4 + 2*r**3. Give p(k).
4
Let g(k) = k + 4. Suppose -1 = 2*v + t - 2, -4*v = -5*t - 37. Determine g(v).
7
Let m(c) be the second derivative of 1/20*c**5 + 0 + 5/12*c**4 + 2/3*c**3 + 1/2*c**2 - 4*c. Determine m(-3).
7
Let y(a) = -3*a**3 - 19*a**2 + 14*a + 29. Let p(k) = k**3 + 7*k**2 - 5*k - 10. Let u(m) = -17*p(m) - 6*y(m). Calculate u(5).
1
Let r(o) = 2*o**2 - 10*o - 7. Let l(j) be the second derivative of -j**4/4 + 10*j**3/3 + 7*j**2 + 15*j. Let t(v) = -3*l(v) - 5*r(v). Give t(-6).
17
Let n(k) be the third derivative of 5*k**4/8 - k**2 + 49. Calculate n(-1).
-15
Let o(l) be the second derivative of -l**5/20 + l**4/12 + l**3/6 + 11*l**2/2 - 38*l. Determine o(0).
11
Suppose 0 = 3*i + 11*i - 28. Suppose -4*x - 2*b + 22 = 0, 4*x + i*b + 3*b = 31. Let s(k) = k**2 - 2*k - 2. Give s(x).
6
Let g(j) = j**2 + 7*j + 6. Let a be 3 + (-5)/((-20)/36). Suppose -4*y = -y - a. Suppose y*c + 0*c + 3*o + 18 = 0, 3*c = 2*o - 22. What is g(c)?
0
Let a(o) = 9*o**2. Suppose -19*j - 101*j = 360. What is a(j)?
81
Let p(m) = 2*m**2 - m - 3. Suppose 5*y - 8 = -0*f - 4*f, -11 = -5*y - 3*f. Suppose -u = -4*q + 9, 0*u - y*u + 24 = 4*q. What is p(q)?
12
Let v(y) be the second derivative of -y**4/12 + 3*y**3/2 + y**2/2 + 15*y. Let n be v(10). Let l(p) = -p**2 - 7*p + 12. What is l(n)?
-6
Let d(m) be the third derivative of 1/6*m**3 + 0 + 35*m**2 + 0*m + 1/12*m**4. What is d(8)?
17
Let i(v) be the third derivative of v**4/8 - v**3 + 2*v**2. Let h(r) = r - 2. Let t be h(4). Suppose l - 6 = -t. What is i(l)?
6
Let q(t) = t + 15. Let x be q(-15). Let n(j) = x + 2 - 2 - 7 - j. Calculate n(7).
-14
Let h(a) = -3*a - 3. Let d(j) = -5*j**2 + 25*j - 23. Let o be d(4). Determine h(o).
6
Let h(w) = -w**2 + 3*w + 15. Suppose -4*z + 4*j = -16, -12 = 5*z - 28*j + 31*j. Determine h(z).
15
Let s(l) be the second derivative of -l**6/360 - l**5/120 + 13*l**4/12 + 5*l. Let a(b) be the third derivative of s(b). Determine a(3).
-7
Let k(r) = -r + 12. Suppose 0 = 5*j - 2*j - 5*b, -j = -4*b. Suppose -5*a - 3*s + 16 = j, 5*a - 34 = 2*s + s. What is k(a)?
7
Let m(d) = -3540*d**3 + 4 + 3541*d**3 - 7*d**2 - 9*d + d**2. What is m(7)?
-10
Let p(t) = t**3 + 12*t**2 - 13*t + 4. Let x be p(-13). Let i(a) = 7*a - 29. Let d be i(x). Let n(y) = 9*y**3 - y - 1. Calculate n(d).
-9
Suppose 0 = 5*i + 2*i + i. Let g be (2 - 0 - 2)/1. Let k(h) = -2*h**2 + i*h**2 - 5 + h**2 + g*h**2 + 4*h. Determine k(5).
-10
Let r(s) = -s**2 - 1. Let m(d) = 31*d - 6. Let x be m(2). Let f = -58 + x. What is r(f)?
-5
Let s(x) = -x**3 - 16*x**2 - 27*x + 20. Let w be s(-14). Let k(r) = -r**3 + 7*r**2 - 9*r + 6. Determine k(w).
-12
Let h = 135 - 138. Let g(f) = f**2 + f + 4. Determine g(h).
10
Let i(c) = -6 + 10*c**2 - 4*c**2 + 5 + 24*c**2. Determine i(1).
29
Suppose 0*l - 5*l = -5*c - 75, -2*c - 2*l = 18. Let m(r) = r**3 + 13*r**2 + 10*r - 8. What is m(c)?
16
Let d(c) = c**3 - 4*c**2 - 5*c - 5. Let b = 11 - -30. Let p = 46 - b. What is d(p)?
-5
Let r(n) = -n**3 - 6*n**2 + 2*n. Let c(q) = -q**3 - 9*q**2 + 37*q + 6. Let a be c(-12). Give r(a).
-12
Let x be (4/12)/(0 + 1). Let s(a) be the first derivative of 6 + 1/4*a**4 - x*a**3 + 3*a - 5/2*a**2. Calculate s(3).
6
Let w(p) = -p**3 + p**2 - 1. Let z(g) = -g**3 + 15*g**2 - 14*g - 3. Let a(h) = 2*w(h) - z(h). Let y be a(-14). Let c(d) = -5*d + d + d. Give c(y).
-3
Let z be (0*(-7)/(-70))/2. Let m(x) = x**2 + 2*x - 34. Give m(z).
-34
Let h(a) = -4*a + 38. Let i(k) = -2*k + 17. Let m(f) = -3*h(f) + 7*i(f). Give m(-7).
19
Let c(s) = -4*s + 50. Let t be c(12). Let b(g) = -28 + 2*g**t + g**3 + 22 + 3*g**2. Calculate b(-5).
-6
Suppose 6 = -w + 2*w - 2*h, -5*w + 4*h = -24. Let x(c) be the second derivative of 1/12*c**w + 5*c + 2/3*c**3 + 0 + 1/2*c**2. Determine x(-3).
-2
Let t(n) be the first derivative of -n**4/24 - 5*n**3/3 + 11*n**2/2 - 14. Let k(y) be the second derivative of t(y). What is k(-7)?
-3
Suppose r + 4*k - 2 = 10, 0 = -4*r + 5*k - 36. Let t(g) = -2*g**3 - 2*g + 1. Let y(p) = 7*p**3 - 5*p**2 + 8*p. Let i(w) = 4*t(w) + y(w). Determine i(r).
-12
Let i = 1 + 6. Let j = 14 - i. Let h(n) = -2*n**2 + 26*n + 6. Let o(p) = -3*p**2 + 40*p + 10. Let r(q) = 8*h(q) - 5*o(q). Give r(j).
5
Let j(d) = 3*d**3 - 2*d**2 + 1. Suppose 2*c = -12 + 4. Let w = c + 13. Suppose 5*q - 18 = 4*i - w, 5*i + 4*q + 1 = 0. Give j(i).
-4
Let v(g) = -3*g**2 + 2*g. Let w = 35 + -30. Suppose 131 = w*j + 11. Let r = 26 - j. Determine v(r).
-8
Suppose 5*f - 11 = 3*w - w, -4*w - 11 = f. Let y(q) = 17*q**3 + 4*q**2 - 3*q - 5. Let o(z) = 16*z**3 + 3*z**2 - 2*z - 4. Let i(t) = w*y(t) + 4*o(t). Give i(1).
13
Suppose -9 - 19 = -4*g. Suppose 7*l + g = -0. Let q(a) = 3*a**2 - 2 + 1 - 14*a**2. Determine q(l).
-12
Let m(y) be the first derivative of y**6/60 - y**5/60 - y**4/6 + y**3/2 - 5*y**2 - 8. Let u(o) be the second derivative of m(o). Determine u(2).
7
Let s(j) = j**3 - 4*j**2 - 4. Let u(i) = 9*i + 8 - 4*i - i**2 + 29 + 2. Let r be u(9). What is s(r)?
-13
Let n(t) = -3 + 6 - 3*t + 4*t + 3 + 0. Give n(-14).
-8
Let d = 12 - 10. Let f(x) = -6*x + 3*x**2 - 4*x**2 + x**3 - 2*x**2 - 4*x**d - 9. Suppose 0 = -10*w + 11*w - 5*v + 12, -3*w + 2*v + 16 = 0. What is f(w)?
7
Let o(s) = 5*s - 2*s**2 + s**3 + 25 - 27 - 4*s**2. What is o(4)?
-14
Let w(t) be the third derivative of -t**7/1008 + t**6/720 + t**5/6 + t**4/12 - 2*t**2 - 10. Let b(x) be the third derivative of w(x). Give b(1).
-4
Let q(u) = 3*u - 22. Let g be q(7). Let f(w) = -5*w + 1. Let y(l) = -6*l + 2. Let k(r) = 3*f(r) - 2*y(r). What is k(g)?
2
Let s(l) = -l + 8. Let c be ((-10)/(-20))/((-1)/(-6)). Suppose 0*y - y + c = 0. Let k be 5*(0 - (-3)/y). Calculate s(k).
3
Let q(a) = a**3 - a**2 + 1. Let w = -104 + 103. Let r(x) = -4*x**3 + x**2 + 2*x - 11. Let y(o) = w*r(o) - 5*q(o). Suppose 0*f = 3*f - 12. Calculate y(f).
-2
Let a(v) be the second derivative of v**5/20 - v**4/6 + 5*v**3/6 - 5*v**2/2 + 2*v - 13. Calculate a(2).
5
Let k(c) = -c**3 + 7*c**2 - 6*c + 3. Let v be k(6). Let o(u) = u - v*u + 4 - 1 + u. Suppose -2*g - 3 + 15 = 0. Give o(g).
-3
Let f = -483 - -478. Let d(s) = -s**3 - 5*s**2 - 2. Determine d(f).
-2
Let g(p) = p**3 + 7*p**2 + 2*p + 1. Suppose 2*o = 5*k - 3*o + 35, 3*k = o - 19. Determine g(k).
25
Let t(o) = o**3 - 7*o**2 - 5. Suppose 4*z = -2 + 10. Suppose -z*b = -0*b - 8. Suppose 3*l - 24 + 4 = u, 4*u - b = 0. Give t(l).
-5
Let q(b) = 10*b**3 - 4*b**3 + 1 - 4*b**3 - 8*b**3 + 2*b**2 + b. Calculate q(2).
-37
Suppose -y = i - 1 - 6, -y + 8 = 2*i. Let n(d) = 